 Let j = h + -51318. Is j prime?
False
Suppose 4*o + 851 = -5*k + 111357, 0 = o + k - 27627. Is o a prime number?
False
Let g = -221182 + 326273. Is g composite?
True
Suppose 0*p = -4*v + p + 25, -5*v + 50 = 5*p. Suppose -66*l - 28*l = -129*l + 280. Suppose -l*k + 719 = -v*k. Is k a prime number?
True
Let o(i) = 2*i**3 - i**2 - 2*i - 1. Let w(m) = 4*m**3 - 3*m**2 - 6*m + 48. Let q(t) = 3*o(t) - w(t). Is q(10) a prime number?
True
Is ((-15)/(-80))/(24/(-32))*-559324 composite?
False
Suppose 34*n - 9 = 31*n. Suppose 14222 = -4*f + 2*s, -n*f + 4*s = -574 + 11238. Let g = 5099 + f. Is g a prime number?
True
Let s be ((-1)/(6/(-20)))/((-9)/27). Let j(t) = 32*t**2 - 19*t - 127. Is j(s) a composite number?
True
Let m = -41 - -45. Suppose m*z + 1467 = 7023. Is z composite?
True
Is (15817/2)/(22/(-968)*-22) prime?
True
Let o = -49 + 52. Suppose 3*l = -5*w + 19, -o*w + 17 = -2*w + 5*l. Suppose -2055 = w*q - 7*q. Is q a composite number?
True
Is (250935/(-60))/(0 + 3/(-12)) composite?
False
Let x = 102019 - 20738. Is x a prime number?
True
Let x(h) = 206*h**3 - 37*h**2 + 4*h + 48. Is x(11) a prime number?
False
Let y(s) = -56*s**2 + 2*s + 12. Let j be y(-5). Let r = j - -2795. Is r a prime number?
False
Let w(u) be the first derivative of 77*u**4/24 - 25*u**3/6 - 25*u**2/2 + 10. Let a(r) be the second derivative of w(r). Is a(8) a composite number?
True
Suppose 1635*u - 6005456 = 1619*u. Is u prime?
True
Let v = -20699 + 41352. Is v composite?
True
Let k = 201 + -201. Suppose -p = -4*p + 3*u + 1833, k = -4*p + u + 2453. Is p a composite number?
True
Let o = -131 + 226. Suppose -b = -4*n - 3*b - 632, 3*n = 5*b - 448. Let i = o - n. Is i a composite number?
False
Suppose 5*j - 4*m = 1077, 0 = 2*j - 6*m + 2*m - 438. Suppose -1133 - j = -2*z. Is z a composite number?
False
Let u = 10469 - 4067. Let c = u + -4339. Is c prime?
True
Is -7 - (-10 + -56242 + 12) a prime number?
False
Suppose -62*p + 62*p + 3195142 = 142*p. Is p a composite number?
False
Suppose -56*l - 14*l + 11561785 = 15*l. Is l prime?
False
Suppose 1177575 = r - 2*c, 2*r = 7*c + 1989831 + 365313. Is r a composite number?
True
Let r(g) = -217*g + 237*g + 363*g**2 + 43 + 435*g**2 - 307*g**2. Is r(-2) a prime number?
False
Suppose -40*p = x - 42*p - 707755, -2830972 = -4*x - 4*p. Is x composite?
False
Suppose -13*c + 386103 = -483454. Is c composite?
False
Let p = -13211 + 18913. Is p a composite number?
True
Let q = -11836 + 24080. Let h = 4459 + q. Is h composite?
False
Suppose 325 = -5*b + 340. Suppose 0 = -b*x + 3*o + 5201 - 1010, -4*x + 5600 = 2*o. Is x a prime number?
True
Let f(v) = -488*v - 213. Is f(-28) composite?
False
Let h = -16012 + 22229. Is h composite?
False
Let a be (226520/(-84))/(2/(-6)). Suppose 0 = 4*b - 3*q - 32377, 36*b = 35*b + 5*q + a. Is b a composite number?
True
Suppose h - 60 = -4*h. Let t be 2/(2 + (h/9)/(-1)). Suppose 2*l + 18450 = 7*l + 5*m, -4*l - t*m = -14761. Is l a composite number?
False
Let u(l) = -7080*l**3 - 14*l**2 - 53*l - 1. Is u(-4) composite?
False
Suppose 27*a - 86*a = -89481347. Is a a composite number?
False
Suppose 33*f = 30*f + 123*f - 83745240. Is f a prime number?
True
Let o = 9155 - 22852. Let x = -8760 - o. Is x composite?
False
Let x(z) = -591*z**3 + 7*z**2 - 149*z - 1046. Is x(-7) a prime number?
False
Suppose 0 = 2*h - r - 291, -4*r + 665 = 4*h + 101. Let x(c) = 0 + h*c - 2 - 58*c + 277*c. Is x(3) prime?
True
Let h be (-1248)/260*(-14585)/2. Is (2/(-4))/((-6)/h) prime?
True
Let w = 98976 - -125911. Is w a prime number?
False
Suppose 120*i - 103895 = 109*i. Is i prime?
False
Suppose 27*m = 10*m + 13413. Suppose -5*j + 2*j + m = 0. Is j a prime number?
True
Let w = 988714 - 576081. Is w prime?
False
Let m be (-12)/30 - (-85026)/10*-1. Let p = 14906 + m. Is p a prime number?
False
Let d = -7924 - -14057. Suppose -5*a = -2*b + 19074, -3*b + d + 22456 = -2*a. Is b a composite number?
True
Let y be ((-14050)/(-20))/(2/8). Let l = y - 1491. Is l a prime number?
True
Suppose -248*b - 6062 = -252*b - 5*h, -2*h = -5*b + 7627. Is b a composite number?
False
Suppose -9*m = -55198 + 452548. Let y = m - -96027. Is y a composite number?
True
Let v = -1931 + 322. Let r = v + 5598. Is r a prime number?
True
Let d(p) = -519*p + 4. Let x be d(-3). Let l = 637 - -312. Suppose -4*u + l + 592 = 3*a, -4*u + a + x = 0. Is u a prime number?
True
Suppose -2*q = -4*n + 944 + 29996, 5*q - 4*n + 77332 = 0. Let l = -8746 - q. Is l a composite number?
True
Let v(g) = -11*g**2 - 12*g + 14. Let d(h) = 54*h**2 + 63*h - 70. Let c(z) = -2*d(z) - 11*v(z). Suppose -2*i - i = 5*m - 34, -5*m + 13 = -4*i. Is c(m) prime?
False
Suppose 3*j = 2*r - 7*r + 97508, 0 = 3*r + 4*j - 58507. Suppose -3*c - 2*o + r = 0, 3061 + 3422 = c + 5*o. Is c a composite number?
True
Suppose -838*h = -836*h - 225404. Suppose -20207 = 13*b - h. Is b a prime number?
False
Let z(p) = 3*p**2 - p + 28176. Let s be z(0). Suppose -7*c + s = 9*c. Is c a composite number?
True
Let k = 3 - -52. Suppose 57 - k = h. Suppose 0 = -h*b - 0*b + 1706. Is b a composite number?
False
Is -1264*(-5)/20*538/8 a composite number?
True
Let i(v) = v**2 + 2*v + 1. Let p be i(-1). Suppose o - 5*u - 1107 = p, 4*u + 5488 = 3*o + 2189. Is o a prime number?
True
Suppose 4530916 = 5*z - 0*s + 3*s, 0 = -3*z - 3*s + 2718558. Is z a composite number?
False
Let f = -105 - -920. Let u be 7 + f - (1 + 1). Suppose -u = -8*h + 6004. Is h a composite number?
False
Let l = -16 + 23. Suppose 3 = -2*b + l. Suppose 4*j + 3*x = -0*x + 2792, b*x + 1410 = 2*j. Is j prime?
True
Suppose 3*a - 2*n + n = 8, -12 = -5*a + 3*n. Let j(c) = -4 + 1 + a + 1 - 56*c. Is j(-6) prime?
True
Suppose -9*f - 399389 = -14*f + 4*v, 0 = 5*f - 5*v - 399385. Is f a composite number?
True
Let k(j) = -12116*j**3 - 4*j**2 - 55*j - 140. Is k(-3) composite?
True
Let o(b) = -2*b**3 + 5173 - 21*b - 16*b + 40*b. Is o(0) a composite number?
True
Let h = 16 - 6. Suppose h = 4*y - 6. Suppose -5*o + 5292 = 2*p - 2*o, 0 = -y*p + 2*o + 10568. Is p prime?
False
Suppose 12*j + 11*j - 58275235 = -62*j. Is j prime?
True
Let k = 143 - 140. Suppose 13677 = -0*l + k*l. Is l a prime number?
False
Let f(u) = -81*u - 169. Suppose 9*l - 7*l + 24 = -3*g, -5*g + 2*l = 24. Is f(g) composite?
False
Suppose 0 = 3*u + 4*g - 9712, g = 5*u + 5*g - 16176. Suppose -x + 3189 = -u. Is x a prime number?
True
Let q be ((-1)/2)/((20/(-16))/5). Is ((-1)/q)/((-1)/1678 - 0) prime?
True
Suppose 2369696 = 125*f - 63921024 - 41900655. Is f a prime number?
False
Let z(y) = 2*y**3 + 71*y**2 + 20*y - 10. Let m be z(-26). Suppose 0 = 10*p - 12416 - m. Is p a prime number?
True
Let z(f) = 35*f**2 + 3*f - 2. Let u(w) = w**3 + 16*w**2 + 2*w + 33. Let a be u(-16). Let l be z(a). Suppose -5755 = l*i - 41*i. Is i prime?
True
Let o = 741511 - 524150. Is o a prime number?
True
Suppose -587*y = -465*y - 51933814. Is y a composite number?
True
Let u(m) = m**3 - 5*m**2 + 6*m - 4. Let t be u(4). Is 1*838 - (-6 - (-1 - t)) prime?
True
Let d(g) = -g**3 - 7*g**2 - 8*g + 7. Let s be d(-4). Is (-264 + (-6)/(-3))/(6/s) prime?
False
Let v(z) = -z**2 - z - 2994. Let y be v(0). Let l = -17720 + 10431. Let n = y - l. Is n composite?
True
Is 7521800/2000 - (7/(-10))/7 a prime number?
True
Let g(a) = a**3 + 6*a**2 + 5*a + 8. Let k be g(-5). Suppose -i + 2 = -k. Suppose 3*l - i*l = -623. Is l prime?
True
Suppose 23*g - 2364 = 27*g. Let i = -304 - g. Is i a prime number?
False
Let y(f) = -f**3 + 20*f**2 + f - 17. Let m be y(20). Suppose -2*d = 5*o - 20, -o + 16 = m*o. Is 123 + d + 0*(-1)/2 composite?
True
Let s(o) be the second derivative of 0 + 11*o - 3*o**3 + 5/12*o**4 - 1/2*o**2 + 9/20*o**5. Is s(8) composite?
False
Let s = 18567 + 61852. Is s composite?
True
Let p(f) = 98*f**2 - 20*f - 13. Let y be p(6). Suppose -10*t + 3345 + y = 0. Is t prime?
False
Let a(n) = -3*n + 10. Let s be a(2). Suppose 0*t + 5*k + 1312 = t, -s*k + 5176 = 4*t. Suppose 5*w - 5508 = t. Is w a prime number?
True
Let t = -48 + 53. Suppose 4*f = t*u + 12, 0 = 3*u + u - 3*f + 9. Is (4/(20/(-25255)))/(u + -1) prime?
True
Let f be -1 - 2 - (-56 + -1). Let n(a) = 4*a - 105. Let r be n(24). Is (-12)/f + (-47)/r + -2 a composite number?
False
Suppose 7257 + 2246 = -13*y. Let t = 1116 - y. Is t prime?
True
Let s = 671 + -683. Is ((-8)/s)/(6/23229) prime?
False
Suppose -s + 5*